c.
2, 11, 17
Let t(j) = -153*j - 963. What are the prime factors of t(-20)?
3, 233
What are the prime factors of (2268 - 9)*20/18?
2, 5, 251
Let h be ((-52)/65)/(1/(-415)). Suppose -2*g = q - g - h, -2*g + 1324 = 4*q. List the prime factors of q.
2, 3, 5, 11
Suppose 6*p + 2*l = 2*p + 402, 3*l = -4*p + 399. Let j be (5950/476)/(1/(-8)). Let u = p + j. What are the prime factors of u?
2
Let g be 5 + 2 - ((-5 - -4) + 5). Suppose 2*t = -2*n - 3*n + 12, -8 = -t - g*n. What are the prime factors of (-348)/(-16) - 2*t/32?
2, 11
Let b(s) = 3*s**2 + 1. Let k be b(-1). Suppose -22 = u - 2*q, -2*q = -8*u + 11*u + 58. List the prime factors of (78/(-10))/(k/u).
3, 13
Suppose 0 = 4*d - d + v - 1327, -5*d = -3*v - 2235. Suppose -4*g + d = -2600. What are the prime factors of g?
761
Let v(g) be the first derivative of 109*g**3/3 + 3*g**2 + 5*g - 75. What are the prime factors of v(-3)?
2, 11
Let f(j) = 38*j + 2147. What are the prime factors of f(55)?
19, 223
Let u = -326 - -349. Suppose -u*v - 1240 = -28*v. List the prime factors of v.
2, 31
Suppose 11*r - 3592 = 15*r. What are the prime factors of (-5 - 2) + (0 - r)?
3, 11
Let u = 55629 - 31488. What are the prime factors of u?
3, 13, 619
What are the prime factors of (-9)/(162/(-509836)) + (-4)/18?
2, 73, 97
Let i(u) = -u**2 + 9*u + 27. Let b be i(11). Suppose -1028 = 8*h - 11*h - b*r, 3*h + 2*r - 1034 = 0. List the prime factors of h.
2, 173
Let o be -6 - (-16)/12*15. Suppose l + 5*f = 1979, -2*l = -o*f + 17*f - 3930. List the prime factors of l.
3, 653
Suppose -6*j = -2*j + 4*z - 436, -2*j = 3*z - 214. Let y = j + 593. List the prime factors of y.
2, 353
Suppose 10*t = 2*t + 60232. Suppose t = 10*l - 1131. List the prime factors of l.
2, 433
Let t = 319 + -219. List the prime factors of (-10)/8 + 78925/t.
2, 197
Let f(n) = -n**3 + 112*n**2 + 630*n - 422. What are the prime factors of f(116)?
2, 3, 43, 73
Let t be (-2 + -1)*((-1892)/3)/4. Suppose n = 2*b + 691, -n + 5*b + 206 = -t. What are the prime factors of n?
3, 233
Suppose 16 = 2*g - 8*z + 5*z, -3*z = 6. Suppose 2*b - 6*b = 4*m - 1696, -g*m - 1272 = -3*b. What are the prime factors of b?
2, 53
Let h be (-156 + -3)*11 - (-8 + 11). Let m = h + 2849. List the prime factors of m.
1097
Suppose -8*a = -7*a + 4*w - 9026, -a = -w - 9031. What are the prime factors of a?
2, 3, 5, 7, 43
Let a be (-16)/12*15/(-2). Let k = a + -12. What are the prime factors of (18 + (-15)/(-3))/(k/(-14))?
7, 23
Suppose 0 = -3*n + 4*n - 2. Let z(x) = 11*x + 7*x**2 + 11 - 3*x**2 - n*x**2. What are the prime factors of z(-6)?
17
Let k(i) = 3096*i + 380. List the prime factors of k(8).
2, 6287
Let i be (-2)/15 + (-6332)/(-15). Let x = i + -217. Suppose -3*c + q + 601 = 0, x = c + 3*q - q. What are the prime factors of c?
3, 67
Let x(c) = 9*c**3 - 26*c**2 + 7*c - 61. What are the prime factors of x(14)?
73, 269
Let w be (10/15)/(1 - 7/9). Suppose 15 - 6 = w*l. Suppose p - n - 45 = 0, -2*n = 3*p + l*n - 127. What are the prime factors of p?
2, 11
Let h(z) = z**3 + 9*z**2 - 24*z - 25. Let l be h(-11). What are the prime factors of (-73)/l + (-8)/24?
2, 3
Suppose 0 = 3*q + p - 16302, -5*p + 6252 = 4*q - 15473. What are the prime factors of q?
5, 1087
Let p = 948 + 3257. What are the prime factors of p?
5, 29
Suppose -3*s = 2*a + 721, s + 0*s - 5*a + 263 = 0. Let k = s - -935. What are the prime factors of k?
2, 173
Let y be (6/(-5))/((-9)/30). Suppose u = k - y*k + 11, -4*k + 33 = 5*u. Suppose 134 = u*v - 381. What are the prime factors of v?
103
Let f(m) = m**3 + 11*m**2 - 7*m - 15. Let s be f(-6). Let l be 40/18 - 46/s. Suppose 92 = 5*v - o, 3*o + 60 = v + l*v. List the prime factors of v.
2, 3
Let w(b) = 25*b**2 + 41*b - 8. List the prime factors of w(-10).
2, 3, 347
Let o(v) = -2059*v**2 - 6*v + 4. Let g be o(1). Let f = 2967 + g. Suppose -14*h + 20*h - f = 0. What are the prime factors of h?
151
Let i = 46008 - 5850. List the prime factors of i.
2, 3, 23, 97
Let x = 1683 + -896. Let p = x - 538. What are the prime factors of p?
3, 83
Let p be (12/48)/((-2)/8). Suppose -1194*r + 1199*r = 25. List the prime factors of 12/20 + (407/r - p).
83
Let o = -212 + 233. What are the prime factors of 1/((4/6)/(21154/o))?
1511
Let j = 61784 + -28576. What are the prime factors of j?
2, 7, 593
What are the prime factors of ((-382169)/(-1383))/((-1)/(0 + -27)) + -5?
2, 233
What are the prime factors of ((-930)/(-45))/((-40)/(-81300))?
5, 31, 271
Suppose -193051 = 14*g - 398263 - 434056. What are the prime factors of g?
2, 17, 79
Let t = 24813 + -9977. List the prime factors of t.
2, 3709
Let r = 59 + -26. Suppose -r*w + 41*w = 2912. List the prime factors of w.
2, 7, 13
Let j = 331 - 331. What are the prime factors of (-342 + 6)/(j - 1)?
2, 3, 7
Suppose -17 = -8*k + 15. Let t = 1396 - 689. Suppose 5*o = x + t, 0 = -3*o + 2*o + k*x + 149. List the prime factors of o.
3, 47
List the prime factors of 4/(-5)*18195*3/(-18).
2, 1213
Suppose -60 = -8*j - 20. Let r(c) = -c**3 + 3*c**2 + 16*c - 25. What are the prime factors of r(j)?
5
What are the prime factors of (-892)/(-4)*(-5 - (1 + -3 + -70))?
67, 223
Suppose -2*y - 9*i + 94474 = 0, -2*y + 4*y - 94526 = 4*i. What are the prime factors of y?
5, 13, 727
Suppose 5*t - 195 = -4*z, 216 = 5*z + 3*t - 6*t. Let q = z - 47. List the prime factors of 3*(136/(-12))/q.
17
Let n(i) = i**3 + 8*i**2 + 17*i + 32. Let z be n(-6). Suppose -2*d + 584 = h, -z*h + 3*h - 612 = 5*d. List the prime factors of h.
2, 37
Let z(q) = 21*q**3 - 11*q**2 + 60*q + 12. Let y be z(6). Let a = y + -3079. List the prime factors of a.
1433
Let p(j) = 8*j - 44. Let t be p(7). Suppose -3*k - 57 = -4*v, 4*v = -0 + t. Let i = k + 42. List the prime factors of i.
3
Let y(k) = 40*k**2 - 21*k + 10. Let p be y(-5). Suppose 4*s - 2912 = 4*c, -2*s + 366 = 3*c - p. List the prime factors of s.
733
Let p(z) = 20*z**2 - 10*z - 33. Let t be (32/12)/((-2)/3). List the prime factors of p(t).
3, 109
Let j be (0 + 1237)*(8 - 6)/(-2). Let m = j - -2249. What are the prime factors of m?
2, 11, 23
Suppose -63*t = -68*t + 23760. Let i = t - 2993. List the prime factors of i.
1759
Let x be (48/(-56))/((-2)/14). Let h be (-79)/((x/(-12))/(6/(-4))). What are the prime factors of (-3)/6*(5 + h)?
2, 29
List the prime factors of (-1073)/(-87)*3*5.
5, 37
Suppose -452 = 2*y - 4*r + 246, -r - 1033 = 3*y. Let f(b) = 3*b + 114. Let i be f(-40). List the prime factors of y/(-2) - i/(36/3).
173
Let s = 13038 - 6722. What are the prime factors of s?
2, 1579
Let q(s) = -s**3 - 10*s**2 - 7*s + 9. Let z be q(-9). Let y(h) = h**3 + 7*h**2 - 13*h - 1. Let o be y(z). Let t = 59 + o. List the prime factors of t.
13
Let p(h) = 4100*h**2 + 164*h - 5. What are the prime factors of p(-4)?
7, 9277
Suppose 12*r - 15 = 7*r. Suppose 0 = -3*k + 9, 0*v - 3*v + 1533 = r*k. What are the prime factors of v?
2, 127
Suppose -14*b - 3110 = -24*b. Suppose -3541 - b = -4*q + 2*p, -q + 2*p = -960. List the prime factors of q.
2, 241
What are the prime factors of ((-12)/8 + 3)*(129672/6 - -14)?
3, 11, 983
Let i be 17/(-3) + 1/(-3). What are the prime factors of (-23922)/(-36)*(-8)/i?
2, 443
Let c = -3 - -4. Let j(u) be the second derivative of 43*u**4/6 + 2*u**3/3 - u**2 + 2*u + 3. List the prime factors of j(c).
2, 11
Suppose 0 = 72*n - 82*n + 29140. What are the prime factors of n?
2, 31, 47
Suppose -4*y + 2*z = -25088, 5*y - 4*z - 22408 = 8961. List the prime factors of y.
6269
List the prime factors of 101800194/3590 - ((-12)/5 - -1).
2, 11, 1289
Suppose -3*c - 20*c + 37090 + 25171 = 0. What are the prime factors of c?
2707
Suppose x - 6*x = -2*g - 1974, 2*g - 6 = 0. Suppose -4*a + 1208 = -x. What are the prime factors of a?
401
What are the prime factors of (79698/(-9))/(-1) - 6*(-22)/(-396)?
5, 7, 11, 23
Suppose 6*h - 8067 = 24633. Suppose 0 = 8*u - 2006 - h. What are the prime factors of u?
2, 233
Suppose 12923589 + 2772522 = 493*r - 5449152. What are the prime factors of r?
3, 17, 29
Let v = 10732 - 10676. Let k(a) = -a**3 - 5*a**2 + 3*a - 1. Let l be k(-5). List the prime factors of 1440/7 - l/v.
2, 103
Let o = -3629 + 3632. Let d(m) = 18*m**2 + 4*m - 5. Let a be d(-4). Suppose -2*y = -u - 3*y + 89, -y = -o*u + a. What are the prime factors of u?
89
Suppose 0 = 5*u - 4*u + 2, -3*u - 18 = -z. Let l(g) = 18 + 11 + g**2 + 7*g - 2*g**2